{"id":179,"date":"2020-04-15T15:54:14","date_gmt":"2020-04-15T15:54:14","guid":{"rendered":"https:\/\/mellifera.qodeinteractive.com\/?page_id=179"},"modified":"2025-07-13T22:34:13","modified_gmt":"2025-07-13T19:34:13","slug":"beekeeping-home","status":"publish","type":"page","link":"https:\/\/balinyurdu.com\/?page_id=179","title":{"rendered":"Beekeeping Home"},"content":{"rendered":"\t\t<div data-elementor-type=\"wp-page\" data-elementor-id=\"179\" class=\"elementor elementor-179\">\n\t\t\t\t\t\t<section class=\"elementor-section elementor-top-section elementor-element elementor-element-ac1d61a elementor-section-full_width elementor-section-height-default elementor-section-height-default\" data-id=\"ac1d61a\" data-element_type=\"section\" data-settings=\"{&quot;background_background&quot;:&quot;classic&quot;}\">\n\t\t\t\t\t\t<div class=\"elementor-container elementor-column-gap-no\">\n\t\t\t\t\t<div class=\"elementor-column elementor-col-100 elementor-top-column elementor-element elementor-element-4e833f8\" data-id=\"4e833f8\" data-element_type=\"column\">\n\t\t\t<div class=\"elementor-widget-wrap elementor-element-populated\">\n\t\t\t\t\n\n\t\t<div class=\"elementor-element elementor-element-fdbfedd elementor-widget elementor-widget-slider_revolution\" data-id=\"fdbfedd\" data-element_type=\"widget\" data-widget_type=\"slider_revolution.default\">\n\t\t\t\t\t\n\t\t<div class=\"wp-block-themepunch-revslider\">\n\t\t\t<!-- START Beekeeping Home REVOLUTION SLIDER 6.7.35 --><p class=\"rs-p-wp-fix\"><\/p>\n\t\t\t<rs-module-wrap id=\"rev_slider_3_1_wrapper\" data-source=\"gallery\" style=\"visibility:hidden;background:transparent;padding:0;margin:0px auto;margin-top:0;margin-bottom:0;\">\n\t\t\t\t<rs-module id=\"rev_slider_3_1\" style=\"\" data-version=\"6.7.35\">\n\t\t\t\t\t<rs-slides style=\"overflow: hidden; position: absolute;\">\n\t\t\t\t\t\t<rs-slide style=\"position: absolute;\" data-key=\"rs-5\" data-title=\"Slide 1\" data-thumb=\"\/\/balinyurdu.com\/wp-content\/uploads\/2020\/05\/h2-rev1-50x100.jpg\" data-in=\"o:0;\" data-out=\"a:false;\">\n\t\t\t\t\t\t\t<img fetchpriority=\"high\" decoding=\"async\" src=\"\/\/balinyurdu.com\/wp-content\/plugins\/revslider\/sr6\/assets\/assets\/dummy.png\" alt=\"d\" title=\"h2-rev1\" width=\"1920\" height=\"849\" class=\"rev-slidebg tp-rs-img rs-lazyload\" data-lazyload=\"\/\/balinyurdu.com\/wp-content\/uploads\/2020\/05\/h2-rev1.jpg\" data-parallax=\"off\" data-panzoom=\"d:10000;ss:100;se:115%;re:0deg;os:0px\/50px;\" data-no-retina>\n<!--\n\t\t\t\t\t\t\t--><rs-layer\n\t\t\t\t\t\t\t\tid=\"slider-3-slide-5-layer-0\" \n\t\t\t\t\t\t\t\tdata-type=\"text\"\n\t\t\t\t\t\t\t\tdata-xy=\"x:c,c,l,l;xo:-361px,-434px,52px,35px;yo:255px,197px,146px,144px;\"\n\t\t\t\t\t\t\t\tdata-text=\"w:normal;s:18;l:23;ls:7px;fw:700;\"\n\t\t\t\t\t\t\t\tdata-basealign=\"slide\"\n\t\t\t\t\t\t\t\tdata-rsp_o=\"off\"\n\t\t\t\t\t\t\t\tdata-rsp_bd=\"off\"\n\t\t\t\t\t\t\t\tdata-frame_0=\"y:50;\"\n\t\t\t\t\t\t\t\tdata-frame_1=\"e:power4.out;st:250;sp:900;\"\n\t\t\t\t\t\t\t\tdata-frame_999=\"o:0;st:w;\"\n\t\t\t\t\t\t\t\tstyle=\"z-index:5;font-family:'Open Sans Condensed';text-transform:uppercase;\"\n\t\t\t\t\t\t\t>Sa\u011fl\u0131\u011f\u0131n\u0131z Bizim \u0130\u00e7in \u00d6nemlidir. \n\t\t\t\t\t\t\t<\/rs-layer><!--\n\n\t\t\t\t\t\t\t--><rs-layer\n\t\t\t\t\t\t\t\tid=\"slider-3-slide-5-layer-1\" \n\t\t\t\t\t\t\t\tdata-type=\"text\"\n\t\t\t\t\t\t\t\tdata-xy=\"x:c,c,l,l;xo:-244px,-231px,45px,31px;yo:285px,225px,180px,174px;\"\n\t\t\t\t\t\t\t\tdata-text=\"w:normal;s:119,100,85,48;l:123,103,88,51;fw:700;\"\n\t\t\t\t\t\t\t\tdata-dim=\"w:805px,650px,512px,300px;\"\n\t\t\t\t\t\t\t\tdata-basealign=\"slide\"\n\t\t\t\t\t\t\t\tdata-rsp_o=\"off\"\n\t\t\t\t\t\t\t\tdata-rsp_bd=\"off\"\n\t\t\t\t\t\t\t\tdata-frame_0=\"y:50;\"\n\t\t\t\t\t\t\t\tdata-frame_1=\"e:power4.out;st:500;sp:900;\"\n\t\t\t\t\t\t\t\tdata-frame_999=\"o:0;st:w;\"\n\t\t\t\t\t\t\t\tstyle=\"z-index:6;font-family:'Open Sans Condensed';text-transform:uppercase;\"\n\t\t\t\t\t\t\t>Bal\u0131nyurdu \n\t\t\t\t\t\t\t<\/rs-layer><!--\n-->\t\t\t\t\t<\/rs-slide>\n\t\t\t\t\t\t<rs-slide style=\"position: absolute;\" data-key=\"rs-6\" data-title=\"Slide 1\" data-thumb=\"\/\/balinyurdu.com\/wp-content\/uploads\/2020\/05\/h2-rev2-50x100.jpg\" data-in=\"o:0;\" data-out=\"a:false;\">\n\t\t\t\t\t\t\t<img decoding=\"async\" src=\"\/\/balinyurdu.com\/wp-content\/plugins\/revslider\/sr6\/assets\/assets\/dummy.png\" alt=\"d\" title=\"h2-rev2\" width=\"1920\" height=\"849\" class=\"rev-slidebg tp-rs-img rs-lazyload\" data-lazyload=\"\/\/balinyurdu.com\/wp-content\/uploads\/2020\/05\/h2-rev2.jpg\" data-parallax=\"off\" data-panzoom=\"d:10000;ss:100;se:115%;os:0px\/0px;oe:30px\/-50px;\" data-no-retina>\n<!--\n\t\t\t\t\t\t\t--><rs-layer\n\t\t\t\t\t\t\t\tid=\"slider-3-slide-6-layer-0\" \n\t\t\t\t\t\t\t\tdata-type=\"text\"\n\t\t\t\t\t\t\t\tdata-xy=\"x:c,c,l,l;xo:-533px,-434px,52px,35px;yo:257px,197px,146px,144px;\"\n\t\t\t\t\t\t\t\tdata-text=\"w:normal;s:18;l:23;ls:7px;fw:700;\"\n\t\t\t\t\t\t\t\tdata-basealign=\"slide\"\n\t\t\t\t\t\t\t\tdata-rsp_o=\"off\"\n\t\t\t\t\t\t\t\tdata-rsp_bd=\"off\"\n\t\t\t\t\t\t\t\tdata-frame_0=\"y:50;\"\n\t\t\t\t\t\t\t\tdata-frame_1=\"e:power4.out;st:250;sp:900;\"\n\t\t\t\t\t\t\t\tdata-frame_999=\"o:0;st:w;\"\n\t\t\t\t\t\t\t\tstyle=\"z-index:5;font-family:'Open Sans Condensed';text-transform:uppercase;\"\n\t\t\t\t\t\t\t>bal\u0131n yurdu \n\t\t\t\t\t\t\t<\/rs-layer><!--\n\n\t\t\t\t\t\t\t--><rs-layer\n\t\t\t\t\t\t\t\tid=\"slider-3-slide-6-layer-1\" \n\t\t\t\t\t\t\t\tdata-type=\"text\"\n\t\t\t\t\t\t\t\tdata-xy=\"x:c,c,l,l;xo:-280px,-231px,45px,31px;yo:285px,225px,180px,174px;\"\n\t\t\t\t\t\t\t\tdata-text=\"w:normal;s:119,100,85,48;l:123,103,88,51;fw:700;\"\n\t\t\t\t\t\t\t\tdata-dim=\"w:754px,650px,512px,300px;\"\n\t\t\t\t\t\t\t\tdata-basealign=\"slide\"\n\t\t\t\t\t\t\t\tdata-rsp_o=\"off\"\n\t\t\t\t\t\t\t\tdata-rsp_bd=\"off\"\n\t\t\t\t\t\t\t\tdata-frame_0=\"y:50;\"\n\t\t\t\t\t\t\t\tdata-frame_1=\"e:power4.out;st:400;sp:900;\"\n\t\t\t\t\t\t\t\tdata-frame_999=\"o:0;st:w;\"\n\t\t\t\t\t\t\t\tstyle=\"z-index:6;font-family:'Open Sans Condensed';text-transform:uppercase;\"\n\t\t\t\t\t\t\t>ORGANIK Ballar \n\t\t\t\t\t\t\t<\/rs-layer><!--\n-->\t\t\t\t\t<\/rs-slide>\n\t\t\t\t\t\t<rs-slide style=\"position: absolute;\" data-key=\"rs-7\" data-title=\"Slide 1\" data-thumb=\"\/\/balinyurdu.com\/wp-content\/uploads\/2020\/05\/h2-rev3-50x100.jpg\" data-in=\"o:0;\" data-out=\"a:false;\">\n\t\t\t\t\t\t\t<img decoding=\"async\" src=\"\/\/balinyurdu.com\/wp-content\/plugins\/revslider\/sr6\/assets\/assets\/dummy.png\" alt=\"d\" title=\"h2-rev3\" width=\"1920\" height=\"849\" class=\"rev-slidebg tp-rs-img rs-lazyload\" data-lazyload=\"\/\/balinyurdu.com\/wp-content\/uploads\/2020\/05\/h2-rev3.jpg\" data-parallax=\"off\" data-panzoom=\"d:10000;ss:100;se:115%;os:0\/0px;oe:-50px\/-100px;\" data-no-retina>\n<!--\n\t\t\t\t\t\t\t--><rs-layer\n\t\t\t\t\t\t\t\tid=\"slider-3-slide-7-layer-0\" \n\t\t\t\t\t\t\t\tdata-type=\"text\"\n\t\t\t\t\t\t\t\tdata-xy=\"x:c,c,l,l;xo:-178px,-434px,52px,35px;yo:260px,197px,146px,144px;\"\n\t\t\t\t\t\t\t\tdata-text=\"w:normal;s:18;l:23;ls:7px;fw:700;\"\n\t\t\t\t\t\t\t\tdata-basealign=\"slide\"\n\t\t\t\t\t\t\t\tdata-rsp_o=\"off\"\n\t\t\t\t\t\t\t\tdata-rsp_bd=\"off\"\n\t\t\t\t\t\t\t\tdata-frame_0=\"y:50;\"\n\t\t\t\t\t\t\t\tdata-frame_1=\"e:power4.out;st:250;sp:900;\"\n\t\t\t\t\t\t\t\tdata-frame_999=\"o:0;st:w;\"\n\t\t\t\t\t\t\t\tstyle=\"z-index:5;font-family:'Open Sans Condensed';text-transform:uppercase;\"\n\t\t\t\t\t\t\t>Ballar\u0131m\u0131zda Zararl\u0131 Katk\u0131 Maddesi  Bulunmamaktad\u0131r \n\t\t\t\t\t\t\t<\/rs-layer><!--\n\n\t\t\t\t\t\t\t--><rs-layer\n\t\t\t\t\t\t\t\tid=\"slider-3-slide-7-layer-1\" \n\t\t\t\t\t\t\t\tdata-type=\"text\"\n\t\t\t\t\t\t\t\tdata-xy=\"x:c,c,l,l;xo:-69px,-231px,45px,31px;yo:282px,225px,180px,174px;\"\n\t\t\t\t\t\t\t\tdata-text=\"w:normal;s:119,100,85,48;l:123,103,88,51;fw:700;\"\n\t\t\t\t\t\t\t\tdata-dim=\"w:1153px,650px,512px,300px;\"\n\t\t\t\t\t\t\t\tdata-basealign=\"slide\"\n\t\t\t\t\t\t\t\tdata-rsp_o=\"off\"\n\t\t\t\t\t\t\t\tdata-rsp_bd=\"off\"\n\t\t\t\t\t\t\t\tdata-frame_0=\"y:50;\"\n\t\t\t\t\t\t\t\tdata-frame_1=\"e:power4.out;st:400;sp:900;\"\n\t\t\t\t\t\t\t\tdata-frame_999=\"o:0;st:w;\"\n\t\t\t\t\t\t\t\tstyle=\"z-index:6;font-family:'Open Sans Condensed';text-transform:uppercase;\"\n\t\t\t\t\t\t\t>helal ve temiz \u00fcr\u00fcnler satmak gayemiz \n\t\t\t\t\t\t\t<\/rs-layer><!--\n-->\t\t\t\t\t<\/rs-slide>\n\t\t\t\t\t<\/rs-slides>\n\t\t\t\t<\/rs-module>\n\t\t\t\t<script>\n\t\t\t\t\tsetREVStartSize({c: 'rev_slider_3_1',rl:[1240,1024,778,480],el:[850,590,520,470],gw:[1300,1100,650,300],gh:[850,590,520,470],type:'standard',justify:'',layout:'fullwidth',mh:\"0\"});if (window.RS_MODULES!==undefined && window.RS_MODULES.modules!==undefined && window.RS_MODULES.modules[\"revslider31\"]!==undefined) {window.RS_MODULES.modules[\"revslider31\"].once = false;window.revapi3 = undefined;if (window.RS_MODULES.checkMinimal!==undefined) window.RS_MODULES.checkMinimal()}\n\t\t\t\t<\/script>\n\t\t\t<\/rs-module-wrap>\n\t\t\t<!-- END REVOLUTION SLIDER -->\n<\/div>\n\n\t\t\t\t\t\t<\/div>\n\t\t\t\t\t<\/div>\n\t\t<\/div>\n\t\t\t\t\t<\/div>\n\t\t<\/section>\n\t\t\t\t<section class=\"elementor-section elementor-top-section elementor-element elementor-element-55ea6ce elementor-section-boxed elementor-section-height-default elementor-section-height-default\" data-id=\"55ea6ce\" data-element_type=\"section\">\n\t\t\t\t\t\t<div class=\"elementor-container elementor-column-gap-default\">\n\t\t\t\t\t<div class=\"elementor-column elementor-col-50 elementor-top-column elementor-element elementor-element-a45d01d\" data-id=\"a45d01d\" data-element_type=\"column\">\n\t\t\t<div class=\"elementor-widget-wrap elementor-element-populated\">\n\t\t\t\t\t\t<div class=\"elementor-element elementor-element-1610ccb elementor-widget elementor-widget-text-editor\" data-id=\"1610ccb\" data-element_type=\"widget\" data-widget_type=\"text-editor.default\">\n\t\t\t\t\t\t\t\t\t<p>Neden <span style=\"color: #d3a863;\"><strong>Bal\u0131n Yurdu<\/strong><\/span><\/p>\t\t\t\t\t\t\t\t<\/div>\n\t\t\t\t<div class=\"elementor-element elementor-element-5475759 elementor-invisible elementor-widget elementor-widget-image\" data-id=\"5475759\" data-element_type=\"widget\" data-settings=\"{&quot;_animation&quot;:&quot;fadeIn&quot;}\" data-widget_type=\"image.default\">\n\t\t\t\t\t\t\t\t\t\t\t\t\t\t\t<img loading=\"lazy\" decoding=\"async\" width=\"308\" height=\"574\" src=\"https:\/\/balinyurdu.com\/wp-content\/uploads\/2020\/04\/h2-img-3.jpg\" class=\"attachment-large size-large wp-image-253\" alt=\"sdds\" srcset=\"https:\/\/balinyurdu.com\/wp-content\/uploads\/2020\/04\/h2-img-3.jpg 308w, https:\/\/balinyurdu.com\/wp-content\/uploads\/2020\/04\/h2-img-3-161x300.jpg 161w\" sizes=\"(max-width: 308px) 100vw, 308px\" \/>\t\t\t\t\t\t\t\t\t\t\t\t\t\t\t<\/div>\n\t\t\t\t\t<\/div>\n\t\t<\/div>\n\t\t\t\t<div class=\"elementor-column elementor-col-50 elementor-top-column elementor-element elementor-element-55b2b14\" data-id=\"55b2b14\" data-element_type=\"column\">\n\t\t\t<div class=\"elementor-widget-wrap elementor-element-populated\">\n\t\t\t\t\t\t<div class=\"elementor-element elementor-element-8e375a4 elementor-widget elementor-widget-wp-widget-text\" data-id=\"8e375a4\" data-element_type=\"widget\" data-widget_type=\"wp-widget-text.default\">\n\t\t\t\t<div class=\"elementor-widget-container\">\n\t\t\t\t\t\t\t\t<div class=\"textwidget\"><p style=\"margin-bottom: 30px\">Bal\u0131n yurdu G\u0131da \u00dcr\u00fcnleri Firmas\u0131 olarak siz de\u011ferli m\u00fc\u015fterilerimize helal ve temiz \u00fcr\u00fcnler satmak gayesiyle ticaret hayat\u0131m\u0131za ba\u015flad\u0131k. \u00dcr\u00fcnlerimiz do\u011fal, kaliteli ve g\u00fcvenilirdir. \u00dcr\u00fcnlerimiz i\u00e7erisinde hakiki bal, bulunmaktad\u0131r. ..<\/p>\n<p>Ayr\u0131ca satm\u0131\u015f oldu\u011fumuz t\u00fcm \u00fcr\u00fcnlerimizin do\u011fal olmas\u0131na dikkat ediyoruz. \u00dcr\u00fcnlerimizi direkt \u00fcreticilerden alarak sizlere uygun fiyatlarla sunuyoruz. M\u00fc\u015fteri memnuniyetini \u00f6nemsiyoruz.<\/p>\n<\/div>\n\t\t\t\t\t\t<\/div>\n\t\t\t\t<\/div>\n\t\t\t\t<section class=\"elementor-section elementor-inner-section elementor-element elementor-element-2afc29b elementor-section-full_width elementor-section-height-default elementor-section-height-default\" data-id=\"2afc29b\" data-element_type=\"section\">\n\t\t\t\t\t\t<div class=\"elementor-container elementor-column-gap-default\">\n\t\t\t\t\t<div class=\"elementor-column elementor-col-50 elementor-inner-column elementor-element elementor-element-d6ec992\" data-id=\"d6ec992\" data-element_type=\"column\">\n\t\t\t<div class=\"elementor-widget-wrap elementor-element-populated\">\n\t\t\t\t\t\t<div class=\"elementor-element elementor-element-1e617b0 elementor-widget elementor-widget-image\" data-id=\"1e617b0\" data-element_type=\"widget\" data-widget_type=\"image.default\">\n\t\t\t\t\t\t\t\t\t\t\t\t<figure class=\"wp-caption\">\n\t\t\t\t\t\t\t\t\t\t<img loading=\"lazy\" decoding=\"async\" width=\"600\" height=\"827\" src=\"https:\/\/balinyurdu.com\/wp-content\/uploads\/2020\/04\/h2-img-1.jpg\" class=\"attachment-large size-large wp-image-244\" alt=\"sdf\" srcset=\"https:\/\/balinyurdu.com\/wp-content\/uploads\/2020\/04\/h2-img-1.jpg 600w, https:\/\/balinyurdu.com\/wp-content\/uploads\/2020\/04\/h2-img-1-218x300.jpg 218w\" sizes=\"(max-width: 600px) 100vw, 600px\" \/>\t\t\t\t\t\t\t\t\t\t\t<figcaption class=\"widget-image-caption wp-caption-text\">\"Bright as a sunflower.\"<\/figcaption>\n\t\t\t\t\t\t\t\t\t\t<\/figure>\n\t\t\t\t\t\t\t\t\t<\/div>\n\t\t\t\t\t<\/div>\n\t\t<\/div>\n\t\t\t\t<div class=\"elementor-column elementor-col-50 elementor-inner-column elementor-element elementor-element-d36d085\" data-id=\"d36d085\" data-element_type=\"column\">\n\t\t\t<div class=\"elementor-widget-wrap elementor-element-populated\">\n\t\t\t\t\t\t<div class=\"elementor-element elementor-element-c409cad elementor-widget elementor-widget-image\" data-id=\"c409cad\" data-element_type=\"widget\" data-widget_type=\"image.default\">\n\t\t\t\t\t\t\t\t\t\t\t\t<figure class=\"wp-caption\">\n\t\t\t\t\t\t\t\t\t\t<img loading=\"lazy\" decoding=\"async\" width=\"600\" height=\"827\" src=\"https:\/\/balinyurdu.com\/wp-content\/uploads\/2020\/04\/h2-img-2.jpg\" class=\"attachment-large size-large wp-image-245\" alt=\"sdf\" srcset=\"https:\/\/balinyurdu.com\/wp-content\/uploads\/2020\/04\/h2-img-2.jpg 600w, https:\/\/balinyurdu.com\/wp-content\/uploads\/2020\/04\/h2-img-2-218x300.jpg 218w\" sizes=\"(max-width: 600px) 100vw, 600px\" \/>\t\t\t\t\t\t\t\t\t\t\t<figcaption class=\"widget-image-caption wp-caption-text\">\"Garden sweet garden.\"<\/figcaption>\n\t\t\t\t\t\t\t\t\t\t<\/figure>\n\t\t\t\t\t\t\t\t\t<\/div>\n\t\t\t\t\t<\/div>\n\t\t<\/div>\n\t\t\t\t\t<\/div>\n\t\t<\/section>\n\t\t\t\t<div class=\"elementor-element elementor-element-da90aa4 elementor-widget elementor-widget-wp-widget-text\" data-id=\"da90aa4\" data-element_type=\"widget\" data-widget_type=\"wp-widget-text.default\">\n\t\t\t\t<div class=\"elementor-widget-container\">\n\t\t\t\t\t\t\t\t<div class=\"textwidget\"><p>\u00dcr\u00fcnlerimizin \u00dcretiminde Kesinlikle Zararl\u0131 Katk\u0131 Maddesi Bulunmamaktad\u0131r. Sa\u011fl\u0131\u011f\u0131n\u0131z Bizim \u0130\u00e7in \u00d6nemlidir.<\/p>\n<p>Bal\u0131n yurdu G\u0131da olarak 2020 y\u0131l\u0131nda a\u00e7\u0131ld\u0131k. G\u0131da sekt\u00f6r\u00fcnde yeni bir firma olmam\u0131za ra\u011fmen size en iyi hizmeti vermeyi, misyon ve vizyonumuzdan \u00f6d\u00fcn vermeden, en kaliteli ve katk\u0131s\u0131z do\u011fal \u00fcr\u00fcnlerle sizi bulu\u015fturmay\u0131 ve daha sa\u011fl\u0131kl\u0131 bir hayat ya\u015faman\u0131z i\u00e7in \u00e7al\u0131\u015fmay\u0131 hedefledik.<\/p>\n<\/div>\n\t\t\t\t\t\t<\/div>\n\t\t\t\t<\/div>\n\t\t\t\t\t<\/div>\n\t\t<\/div>\n\t\t\t\t\t<\/div>\n\t\t<\/section>\n\t\t\t\t<section class=\"elementor-section elementor-top-section elementor-element elementor-element-3564b1f elementor-section-full_width elementor-section-height-default elementor-section-height-default\" data-id=\"3564b1f\" data-element_type=\"section\">\n\t\t\t\t\t\t<div class=\"elementor-container elementor-column-gap-default\">\n\t\t\t\t\t<div class=\"elementor-column elementor-col-100 elementor-top-column elementor-element elementor-element-09757fc\" data-id=\"09757fc\" data-element_type=\"column\">\n\t\t\t<div class=\"elementor-widget-wrap\">\n\t\t\t\t\t\t\t<\/div>\n\t\t<\/div>\n\t\t\t\t\t<\/div>\n\t\t<\/section>\n\t\t\t\t<section class=\"elementor-section elementor-top-section elementor-element elementor-element-7c3274f elementor-section-boxed elementor-section-height-default elementor-section-height-default\" data-id=\"7c3274f\" data-element_type=\"section\">\n\t\t\t\t\t\t<div class=\"elementor-container elementor-column-gap-default\">\n\t\t\t\t\t<div class=\"elementor-column elementor-col-100 elementor-top-column elementor-element elementor-element-1a26329\" data-id=\"1a26329\" data-element_type=\"column\">\n\t\t\t<div class=\"elementor-widget-wrap\">\n\t\t\t\t\t\t\t<\/div>\n\t\t<\/div>\n\t\t\t\t\t<\/div>\n\t\t<\/section>\n\t\t\t\t<section class=\"elementor-section elementor-top-section elementor-element elementor-element-b659e5b elementor-section-full_width elementor-section-height-default elementor-section-height-default\" data-id=\"b659e5b\" data-element_type=\"section\">\n\t\t\t\t\t\t<div class=\"elementor-container elementor-column-gap-default\">\n\t\t\t\t\t<div class=\"elementor-column elementor-col-100 elementor-top-column elementor-element elementor-element-bb341b6\" data-id=\"bb341b6\" data-element_type=\"column\">\n\t\t\t<div class=\"elementor-widget-wrap elementor-element-populated\">\n\t\t\t\t\t\t<section class=\"elementor-section elementor-inner-section elementor-element elementor-element-ba4f6d6 elementor-section-full_width elementor-section-height-default elementor-section-height-default\" data-id=\"ba4f6d6\" data-element_type=\"section\">\n\t\t\t\t\t\t<div class=\"elementor-container elementor-column-gap-default\">\n\t\t\t\t\t<div class=\"elementor-column elementor-col-33 elementor-inner-column elementor-element elementor-element-a501b7d\" data-id=\"a501b7d\" data-element_type=\"column\">\n\t\t\t<div class=\"elementor-widget-wrap\">\n\t\t\t\t\t\t\t<\/div>\n\t\t<\/div>\n\t\t\t\t<div class=\"elementor-column elementor-col-33 elementor-inner-column elementor-element elementor-element-f0fb35e\" data-id=\"f0fb35e\" data-element_type=\"column\">\n\t\t\t<div class=\"elementor-widget-wrap\">\n\t\t\t\t\t\t\t<\/div>\n\t\t<\/div>\n\t\t\t\t<div class=\"elementor-column elementor-col-33 elementor-inner-column elementor-element elementor-element-72145c4\" data-id=\"72145c4\" data-element_type=\"column\">\n\t\t\t<div class=\"elementor-widget-wrap\">\n\t\t\t\t\t\t\t<\/div>\n\t\t<\/div>\n\t\t\t\t\t<\/div>\n\t\t<\/section>\n\t\t\t\t\t<\/div>\n\t\t<\/div>\n\t\t\t\t\t<\/div>\n\t\t<\/section>\n\t\t\t\t<section class=\"elementor-section elementor-top-section elementor-element elementor-element-a2a0ce6 elementor-section-boxed elementor-section-height-default elementor-section-height-default\" data-id=\"a2a0ce6\" data-element_type=\"section\">\n\t\t\t\t\t\t<div class=\"elementor-container elementor-column-gap-default\">\n\t\t\t\t\t<div class=\"elementor-column elementor-col-50 elementor-top-column elementor-element elementor-element-69bba4a\" data-id=\"69bba4a\" data-element_type=\"column\">\n\t\t\t<div class=\"elementor-widget-wrap elementor-element-populated\">\n\t\t\t\t\t\t<div class=\"elementor-element elementor-element-891b741 elementor-invisible elementor-widget elementor-widget-image\" data-id=\"891b741\" data-element_type=\"widget\" data-settings=\"{&quot;_animation&quot;:&quot;fadeIn&quot;}\" data-widget_type=\"image.default\">\n\t\t\t\t\t\t\t\t\t\t\t\t\t\t\t<img loading=\"lazy\" decoding=\"async\" width=\"668\" height=\"540\" src=\"https:\/\/balinyurdu.com\/wp-content\/uploads\/2020\/04\/h2-img-6.jpg\" class=\"attachment-full size-full wp-image-295\" alt=\"sdf\" srcset=\"https:\/\/balinyurdu.com\/wp-content\/uploads\/2020\/04\/h2-img-6.jpg 668w, https:\/\/balinyurdu.com\/wp-content\/uploads\/2020\/04\/h2-img-6-600x485.jpg 600w, https:\/\/balinyurdu.com\/wp-content\/uploads\/2020\/04\/h2-img-6-300x243.jpg 300w\" sizes=\"(max-width: 668px) 100vw, 668px\" \/>\t\t\t\t\t\t\t\t\t\t\t\t\t\t\t<\/div>\n\t\t\t\t\t<\/div>\n\t\t<\/div>\n\t\t\t\t<div class=\"elementor-column elementor-col-50 elementor-top-column elementor-element elementor-element-9df9f9b\" data-id=\"9df9f9b\" data-element_type=\"column\">\n\t\t\t<div class=\"elementor-widget-wrap\">\n\t\t\t\t\t\t\t<\/div>\n\t\t<\/div>\n\t\t\t\t\t<\/div>\n\t\t<\/section>\n\t\t\t\t<section class=\"elementor-section elementor-top-section elementor-element elementor-element-fb86b70 elementor-section-full_width elementor-section-height-default elementor-section-height-default\" data-id=\"fb86b70\" data-element_type=\"section\">\n\t\t\t\t\t\t<div class=\"elementor-container elementor-column-gap-default\">\n\t\t\t\t\t<div class=\"elementor-column elementor-col-100 elementor-top-column elementor-element elementor-element-212e2de\" data-id=\"212e2de\" data-element_type=\"column\">\n\t\t\t<div class=\"elementor-widget-wrap\">\n\t\t\t\t\t\t\t<\/div>\n\t\t<\/div>\n\t\t\t\t\t<\/div>\n\t\t<\/section>\n\t\t\t\t<section class=\"elementor-section elementor-top-section elementor-element elementor-element-ba28193 elementor-section-boxed elementor-section-height-default elementor-section-height-default\" data-id=\"ba28193\" data-element_type=\"section\" data-settings=\"{&quot;background_background&quot;:&quot;classic&quot;}\">\n\t\t\t\t\t\t<div class=\"elementor-container elementor-column-gap-default\">\n\t\t\t\t\t<div class=\"elementor-column elementor-col-100 elementor-top-column elementor-element elementor-element-c43d1d2\" data-id=\"c43d1d2\" data-element_type=\"column\">\n\t\t\t<div class=\"elementor-widget-wrap\">\n\t\t\t\t\t\t\t<\/div>\n\t\t<\/div>\n\t\t\t\t\t<\/div>\n\t\t<\/section>\n\t\t\t\t<section class=\"elementor-section elementor-top-section elementor-element elementor-element-8c8f35c elementor-section-full_width elementor-section-height-default elementor-section-height-default\" data-id=\"8c8f35c\" data-element_type=\"section\">\n\t\t\t\t\t\t<div class=\"elementor-container elementor-column-gap-default\">\n\t\t\t\t\t<div class=\"elementor-column elementor-col-100 elementor-top-column elementor-element elementor-element-9476677\" data-id=\"9476677\" data-element_type=\"column\">\n\t\t\t<div class=\"elementor-widget-wrap\">\n\t\t\t\t\t\t\t<\/div>\n\t\t<\/div>\n\t\t\t\t\t<\/div>\n\t\t<\/section>\n\t\t\t\t<\/div>\n\t\t","protected":false},"excerpt":{"rendered":"<p>Neden Bal\u0131n Yurdu Do\u011fal &amp; Katk\u0131s\u0131z \u00dcr\u00fcnler &#8220;Bright as a sunflower.&#8221; &#8220;Garden sweet garden.&#8221; learn how it&#039;s made Bal\u0131n Yurdu Sa\u011fl\u0131\u011f\u0131n\u0131z Bizim \u0130\u00e7in \u00d6nemlidir&#8230; Karakovan Bal\u0131 \u00dcr\u00fcnlerimizin \u00dcretiminde Kesinlikle Zararl\u0131 Katk\u0131 Maddesi Yoktur. Sa\u011fl\u0131\u011f\u0131n\u0131z Bizim \u0130\u00e7in \u00d6nemlidir. Learn More \u0130la\u00e7l\u0131k Ballar \u00dcr\u00fcnlerimiz do\u011fal, kaliteli ve g\u00fcvenilirdir. \u00dcr\u00fcnlerimiz i\u00e7erisinde hakiki bal, bulunmaktad\u0131r. Learn More Do\u011fal Ballar [&hellip;]<\/p>\n","protected":false},"author":1,"featured_media":0,"parent":0,"menu_order":0,"comment_status":"closed","ping_status":"closed","template":"page-full-width.php","meta":{"footnotes":""},"class_list":["post-179","page","type-page","status-publish","hentry"],"_links":{"self":[{"href":"https:\/\/balinyurdu.com\/index.php?rest_route=\/wp\/v2\/pages\/179","targetHints":{"allow":["GET"]}}],"collection":[{"href":"https:\/\/balinyurdu.com\/index.php?rest_route=\/wp\/v2\/pages"}],"about":[{"href":"https:\/\/balinyurdu.com\/index.php?rest_route=\/wp\/v2\/types\/page"}],"author":[{"embeddable":true,"href":"https:\/\/balinyurdu.com\/index.php?rest_route=\/wp\/v2\/users\/1"}],"replies":[{"embeddable":true,"href":"https:\/\/balinyurdu.com\/index.php?rest_route=%2Fwp%2Fv2%2Fcomments&post=179"}],"version-history":[{"count":36,"href":"https:\/\/balinyurdu.com\/index.php?rest_route=\/wp\/v2\/pages\/179\/revisions"}],"predecessor-version":[{"id":2908,"href":"https:\/\/balinyurdu.com\/index.php?rest_route=\/wp\/v2\/pages\/179\/revisions\/2908"}],"wp:attachment":[{"href":"https:\/\/balinyurdu.com\/index.php?rest_route=%2Fwp%2Fv2%2Fmedia&parent=179"}],"curies":[{"name":"wp","href":"https:\/\/api.w.org\/{rel}","templated":true}]}}