{"id":8291,"date":"2025-07-15T20:09:44","date_gmt":"2025-07-15T17:09:44","guid":{"rendered":"https:\/\/balinyurdu.com\/?post_type=product&#038;p=8291"},"modified":"2025-09-03T19:38:25","modified_gmt":"2025-09-03T16:38:25","slug":"kestane-cicek-bali-kocaeli-850-gr","status":"publish","type":"product","link":"https:\/\/balinyurdu.com\/?product=kestane-cicek-bali-kocaeli-850-gr","title":{"rendered":"D\u00dcZCE KESTANE \u00c7\u0130\u00c7EK BALI 850 GR"},"content":{"rendered":"<p>\ud83d\udc1d Bal\u0131nyurdu Kocaeli Kestane Bal\u0131 \u2013 Do\u011fan\u0131n G\u00fc\u00e7l\u00fc Lezzeti<\/p>\n<p>Merhaba ben Balk\u0131z! \ud83d\udc1d<br \/>\nBu kez sizi Kocaeli\u2019nin yemye\u015fil ormanlar\u0131na g\u00f6t\u00fcr\u00fcyorum. Burada yeti\u015fen kestane a\u011fa\u00e7lar\u0131n\u0131n \u00e7i\u00e7eklerinden toplad\u0131\u011f\u0131m\u0131z nektarla, yo\u011fun aromal\u0131 ve \u015fifa dolu Bal\u0131nyurdu Kestane Bal\u0131n\u0131 \u00fcretiyoruz.<\/p>\n<p>\ud83c\udf33 Kocaeli\u2019nin zengin kestane ormanlar\u0131ndan<br \/>\n\ud83c\udf6f Yo\u011fun, hafif ac\u0131ms\u0131 ve karakteristik bir tat<br \/>\n\ud83d\udcaa Ba\u011f\u0131\u015f\u0131kl\u0131\u011f\u0131 destekleyen g\u00fc\u00e7l\u00fc bir bal<\/p>\n<p>Bir ka\u015f\u0131k tatt\u0131\u011f\u0131n\u0131zda hem do\u011fan\u0131n derin aromas\u0131 hem de kestane \u00e7i\u00e7eklerinin kendine has lezzeti sizi mest edecek. Kahvalt\u0131larda, s\u00fct ve yo\u011furtla ya da \u015fifa niyetine tek ba\u015f\u0131na t\u00fcketebilirsiniz.<\/p>\n<p>Bal\u0131nyurdu Kocaeli Kestane Bal\u0131, do\u011fadan gelen en g\u00fc\u00e7l\u00fc lezzeti sofran\u0131za getiriyor.<\/p>\n","protected":false},"excerpt":{"rendered":"<p>\ud83d\udc1d Bal\u0131nyurdu Kocaeli Kestane Bal\u0131 \u2013 Do\u011fan\u0131n G\u00fc\u00e7l\u00fc Lezzeti Merhaba ben Balk\u0131z! \ud83d\udc1d Bu kez sizi Kocaeli\u2019nin yemye\u015fil ormanlar\u0131na g\u00f6t\u00fcr\u00fcyorum. Burada yeti\u015fen kestane a\u011fa\u00e7lar\u0131n\u0131n \u00e7i\u00e7eklerinden toplad\u0131\u011f\u0131m\u0131z nektarla, yo\u011fun aromal\u0131 ve \u015fifa dolu Bal\u0131nyurdu Kestane Bal\u0131n\u0131 \u00fcretiyoruz. \ud83c\udf33 Kocaeli\u2019nin zengin kestane ormanlar\u0131ndan \ud83c\udf6f Yo\u011fun, hafif ac\u0131ms\u0131 ve karakteristik bir tat \ud83d\udcaa Ba\u011f\u0131\u015f\u0131kl\u0131\u011f\u0131 destekleyen g\u00fc\u00e7l\u00fc bir bal [&hellip;]<\/p>\n","protected":false},"featured_media":8292,"comment_status":"open","ping_status":"closed","template":"","meta":[],"product_cat":[15,106],"product_tag":[],"class_list":{"0":"post-8291","1":"product","2":"type-product","3":"status-publish","4":"has-post-thumbnail","6":"product_brand-balinyurdu","7":"product_cat-genel","8":"product_cat-ozelballar","10":"first","11":"instock","12":"sale","13":"taxable","14":"shipping-taxable","15":"purchasable","16":"product-type-simple"},"_links":{"self":[{"href":"https:\/\/balinyurdu.com\/index.php?rest_route=\/wp\/v2\/product\/8291","targetHints":{"allow":["GET"]}}],"collection":[{"href":"https:\/\/balinyurdu.com\/index.php?rest_route=\/wp\/v2\/product"}],"about":[{"href":"https:\/\/balinyurdu.com\/index.php?rest_route=\/wp\/v2\/types\/product"}],"replies":[{"embeddable":true,"href":"https:\/\/balinyurdu.com\/index.php?rest_route=%2Fwp%2Fv2%2Fcomments&post=8291"}],"wp:featuredmedia":[{"embeddable":true,"href":"https:\/\/balinyurdu.com\/index.php?rest_route=\/wp\/v2\/media\/8292"}],"wp:attachment":[{"href":"https:\/\/balinyurdu.com\/index.php?rest_route=%2Fwp%2Fv2%2Fmedia&parent=8291"}],"wp:term":[{"taxonomy":"product_cat","embeddable":true,"href":"https:\/\/balinyurdu.com\/index.php?rest_route=%2Fwp%2Fv2%2Fproduct_cat&post=8291"},{"taxonomy":"product_tag","embeddable":true,"href":"https:\/\/balinyurdu.com\/index.php?rest_route=%2Fwp%2Fv2%2Fproduct_tag&post=8291"}],"curies":[{"name":"wp","href":"https:\/\/api.w.org\/{rel}","templated":true}]}}