{"id":8333,"date":"2025-07-20T20:04:46","date_gmt":"2025-07-20T17:04:46","guid":{"rendered":"https:\/\/balinyurdu.com\/?post_type=product&#038;p=8333"},"modified":"2025-08-02T21:51:36","modified_gmt":"2025-08-02T18:51:36","slug":"kazgaglari-cicek-bali-850-gr","status":"publish","type":"product","link":"https:\/\/balinyurdu.com\/?product=kazgaglari-cicek-bali-850-gr","title":{"rendered":"KAZDA\u011eLARI \u00c7\u0130\u00c7EK BALI 850 GR"},"content":{"rendered":"<h3 data-start=\"153\" data-end=\"216\"><strong data-start=\"157\" data-end=\"216\">Bal\u0131n Yurdu Kazda\u011flar\u0131 \u00c7i\u00e7ek Bal\u0131: Do\u011fan\u0131n Saf \u0130hti\u015fam\u0131<\/strong><\/h3>\n<p data-start=\"218\" data-end=\"685\"><strong data-start=\"218\" data-end=\"233\">Bal\u0131n Yurdu<\/strong>, do\u011fan\u0131n saf ve e\u015fsiz arma\u011fanlar\u0131n\u0131 en y\u00fcksek kaliteyle sizlere sunma misyonuyla hareket ederken, <strong data-start=\"332\" data-end=\"342\">Balk\u0131z<\/strong>&#8216;\u0131n zarif temsiliyle <strong data-start=\"363\" data-end=\"388\">Kazda\u011flar\u0131 \u00c7i\u00e7ek Bal\u0131<\/strong>\u2019n\u0131n do\u011fall\u0131\u011f\u0131n\u0131, lezzetini ve \u015fifal\u0131 etkilerini sofralar\u0131n\u0131za ta\u015f\u0131yor. <strong data-start=\"460\" data-end=\"474\">Kazda\u011flar\u0131<\/strong>, T\u00fcrkiye\u2019nin en bakir ve do\u011fal b\u00f6lgelerinden biri olup, burada yeti\u015fen say\u0131s\u0131z \u00e7i\u00e7ek t\u00fcr\u00fcn\u00fcn nektar\u0131ndan elde edilen bu e\u015fsiz bal, tam anlam\u0131yla do\u011fan\u0131n saf ve ar\u0131lar\u0131n emekle toplad\u0131\u011f\u0131 harika bir lezzet sunar.<\/p>\n<h3 data-start=\"687\" data-end=\"757\"><strong data-start=\"691\" data-end=\"757\">Kazda\u011flar\u0131 \u00c7i\u00e7ek Bal\u0131: Saf Do\u011fall\u0131\u011f\u0131n Efsanevi Tad\u0131na Yolculuk<\/strong><\/h3>\n<p data-start=\"759\" data-end=\"1299\"><strong data-start=\"759\" data-end=\"773\">Kazda\u011flar\u0131<\/strong>, hem zengin floras\u0131 hem de temiz havas\u0131 ile ar\u0131lar i\u00e7in m\u00fckemmel bir kaynakt\u0131r. <strong data-start=\"854\" data-end=\"879\">Kazda\u011flar\u0131 \u00c7i\u00e7ek Bal\u0131<\/strong>, binlerce \u00e7i\u00e7e\u011fin nektar\u0131ndan ar\u0131lar taraf\u0131ndan toplanarak \u00fcretilir. Bu bal, i\u00e7erdi\u011fi \u00e7e\u015fitli \u00e7i\u00e7ek polenleri sayesinde besin de\u011feri y\u00fcksek, hafif ve tatl\u0131 bir aroma sunar. <strong data-start=\"1053\" data-end=\"1068\">Bal\u0131n Yurdu<\/strong>, bu e\u015fsiz bal\u0131 do\u011fall\u0131\u011f\u0131na sad\u0131k kalarak, hi\u00e7bir katk\u0131 maddesi eklemeden sizlere ula\u015ft\u0131r\u0131r. <strong data-start=\"1161\" data-end=\"1171\">Balk\u0131z<\/strong>, bu bal\u0131n do\u011fall\u0131\u011f\u0131n\u0131 ve sa\u011fl\u0131\u011fa olan katk\u0131s\u0131n\u0131 zarif bir \u015fekilde simgeler, her bir kavanozda do\u011fan\u0131n saf g\u00fcc\u00fcn\u00fc sizlere ta\u015f\u0131r.<\/p>\n<h3 data-start=\"1301\" data-end=\"1349\"><strong data-start=\"1305\" data-end=\"1349\">Neden Bal\u0131n Yurdu Kazda\u011flar\u0131 \u00c7i\u00e7ek Bal\u0131?<\/strong><\/h3>\n<p data-start=\"1351\" data-end=\"1655\">\ud83c\udf6f <strong data-start=\"1354\" data-end=\"1370\">Do\u011fal ve Saf<\/strong><br data-start=\"1370\" data-end=\"1373\" \/><strong data-start=\"1373\" data-end=\"1398\">Kazda\u011flar\u0131 \u00c7i\u00e7ek Bal\u0131<\/strong>, tamamen do\u011fal ve katk\u0131 maddesizdir. Ar\u0131lar, Kazda\u011flar\u0131\u2019n\u0131n \u00e7e\u015fitli \u00e7i\u00e7eklerinden toplad\u0131klar\u0131 nektarlar\u0131 bal haline getirir. <strong data-start=\"1525\" data-end=\"1535\">Balk\u0131z<\/strong>, <strong data-start=\"1537\" data-end=\"1552\">Bal\u0131n Yurdu<\/strong> markas\u0131n\u0131n g\u00f6rsel y\u00fcz\u00fc olarak bu safl\u0131\u011f\u0131 simgeler ve her bir kavanozda bu do\u011fal lezzeti sizlere sunar.<\/p>\n<p data-start=\"1657\" data-end=\"2012\">\ud83c\udf3f <strong data-start=\"1660\" data-end=\"1689\">Zengin \u0130\u00e7erik ve Faydalar<\/strong><br data-start=\"1689\" data-end=\"1692\" \/><strong data-start=\"1692\" data-end=\"1706\">\u00c7i\u00e7ek Bal\u0131<\/strong>, pek \u00e7ok farkl\u0131 \u00e7i\u00e7ek t\u00fcr\u00fcnden gelen polenler sayesinde olduk\u00e7a zengindir. \u0130\u00e7eri\u011finde vitaminler, mineraller ve antioksidanlar bar\u0131nd\u0131r\u0131r. Bu kar\u0131\u015f\u0131m, ba\u011f\u0131\u015f\u0131kl\u0131k sisteminizi g\u00fc\u00e7lendirir, v\u00fccudu temizler ve sa\u011fl\u0131\u011f\u0131 destekler. <strong data-start=\"1932\" data-end=\"1942\">Balk\u0131z<\/strong>, bu bal\u0131n do\u011fal ve sa\u011fl\u0131kl\u0131 etkilerini zarif bir \u015fekilde temsil eder.<\/p>\n<p data-start=\"2014\" data-end=\"2283\">\ud83c\udf43 <strong data-start=\"2017\" data-end=\"2046\">Y\u00fcksek Enerji ve Canl\u0131l\u0131k<\/strong><br data-start=\"2046\" data-end=\"2049\" \/>\u00c7i\u00e7ek bal\u0131, do\u011fal \u015fekerler i\u00e7erdi\u011fi i\u00e7in v\u00fccudunuza h\u0131zl\u0131 bir enerji sa\u011flar. G\u00fcn boyu daha din\u00e7 hissetmenizi sa\u011flar. <strong data-start=\"2166\" data-end=\"2191\">Kazda\u011flar\u0131 \u00c7i\u00e7ek Bal\u0131<\/strong>, v\u00fccudunuzun do\u011fal enerjisini art\u0131r\u0131rken, ayn\u0131 zamanda zihinsel netlik ve odaklanma sa\u011flar.<\/p>\n<h3 data-start=\"2285\" data-end=\"2329\"><strong data-start=\"2289\" data-end=\"2329\">Kazda\u011flar\u0131 \u00c7i\u00e7ek Bal\u0131\u2019n\u0131n Faydalar\u0131:<\/strong><\/h3>\n<ul data-start=\"2330\" data-end=\"2883\">\n<li data-start=\"2330\" data-end=\"2455\">\n<p data-start=\"2332\" data-end=\"2455\"><strong data-start=\"2332\" data-end=\"2369\">Ba\u011f\u0131\u015f\u0131kl\u0131k Sistemini G\u00fc\u00e7lendirir:<\/strong> \u00c7i\u00e7ek bal\u0131, i\u00e7erdi\u011fi do\u011fal antioksidanlar sayesinde ba\u011f\u0131\u015f\u0131kl\u0131k sistemini g\u00fc\u00e7lendirir.<\/p>\n<\/li>\n<li data-start=\"2456\" data-end=\"2570\">\n<p data-start=\"2458\" data-end=\"2570\"><strong data-start=\"2458\" data-end=\"2491\">Sindirim Sa\u011fl\u0131\u011f\u0131n\u0131 Destekler:<\/strong> Sindirim sistemini d\u00fczenler, mideyi rahatlat\u0131r ve ba\u011f\u0131rsaklar\u0131 sa\u011fl\u0131kl\u0131 tutar.<\/p>\n<\/li>\n<li data-start=\"2571\" data-end=\"2661\">\n<p data-start=\"2573\" data-end=\"2661\"><strong data-start=\"2573\" data-end=\"2590\">Enerji Verir:<\/strong> \u0130\u00e7eri\u011findeki do\u011fal \u015fekerlerle v\u00fccudunuza h\u0131zl\u0131 ve do\u011fal enerji sa\u011flar.<\/p>\n<\/li>\n<li data-start=\"2662\" data-end=\"2775\">\n<p data-start=\"2664\" data-end=\"2775\"><strong data-start=\"2664\" data-end=\"2687\">Antioksidan Etkisi:<\/strong> Serbest radikalleri temizler, v\u00fccut h\u00fccrelerini yeniler ve ya\u015flanma etkilerini azalt\u0131r.<\/p>\n<\/li>\n<li data-start=\"2776\" data-end=\"2883\">\n<p data-start=\"2778\" data-end=\"2883\"><strong data-start=\"2778\" data-end=\"2807\">Cilt Sa\u011fl\u0131\u011f\u0131n\u0131 Destekler:<\/strong> Cildin elastikiyetini art\u0131r\u0131r, nemlendirir ve cilt sorunlar\u0131n\u0131 azaltabilir.<\/p>\n<\/li>\n<\/ul>\n<h3 data-start=\"2885\" data-end=\"2922\"><strong data-start=\"2889\" data-end=\"2922\">Balk\u0131z ile Do\u011fan\u0131n Saf \u015eifas\u0131<\/strong><\/h3>\n<p data-start=\"2924\" data-end=\"3357\"><strong data-start=\"2924\" data-end=\"2934\">Balk\u0131z<\/strong>, <strong data-start=\"2936\" data-end=\"2951\">Bal\u0131n Yurdu<\/strong> markas\u0131n\u0131n zarif ve g\u00fc\u00e7l\u00fc temsili olarak, <strong data-start=\"2994\" data-end=\"3019\">Kazda\u011flar\u0131 \u00c7i\u00e7ek Bal\u0131<\/strong>\u2019n\u0131n saf do\u011fall\u0131\u011f\u0131n\u0131 ve sa\u011fl\u0131\u011fa olan katk\u0131lar\u0131n\u0131 simgeler. <strong data-start=\"3078\" data-end=\"3103\">Kazda\u011flar\u0131 \u00c7i\u00e7ek Bal\u0131<\/strong>, ar\u0131lar\u0131n do\u011fan\u0131n en saf \u00e7i\u00e7eklerinden toplad\u0131\u011f\u0131 nektarla \u00fcretilmi\u015f, katk\u0131 maddesi i\u00e7ermeyen do\u011fal bir \u00fcr\u00fcnd\u00fcr. <strong data-start=\"3216\" data-end=\"3226\">Balk\u0131z<\/strong>, bu do\u011fal bal\u0131n safl\u0131\u011f\u0131n\u0131 ve sa\u011fl\u0131\u011f\u0131n\u0131za olan faydalar\u0131n\u0131 temsil ederken, her bir kavanozda do\u011fan\u0131n en saf halini sizlere sunuyor.<\/p>\n<h3 data-start=\"3359\" data-end=\"3407\"><strong data-start=\"3363\" data-end=\"3407\">Kazda\u011flar\u0131 \u00c7i\u00e7ek Bal\u0131 ile Sa\u011fl\u0131kl\u0131 Ya\u015fam<\/strong><\/h3>\n<p data-start=\"3409\" data-end=\"3791\"><strong data-start=\"3409\" data-end=\"3446\">Bal\u0131n Yurdu Kazda\u011flar\u0131 \u00c7i\u00e7ek Bal\u0131<\/strong>, v\u00fccudunuza do\u011fan\u0131n sundu\u011fu en saf, en do\u011fal ve en besleyici \u015fifay\u0131 sunar. <strong data-start=\"3522\" data-end=\"3532\">Balk\u0131z<\/strong>, <strong data-start=\"3534\" data-end=\"3549\">Bal\u0131n Yurdu<\/strong>\u2019nun kaliteyi, safl\u0131\u011f\u0131 ve do\u011fall\u0131\u011f\u0131 simgeleyen y\u00fcz\u00fc olarak, bu e\u015fsiz bal\u0131n faydalar\u0131n\u0131 sizlere en g\u00fczel \u015fekilde aktar\u0131r. Bu do\u011fal bal, enerjinizi art\u0131r\u0131r, ba\u011f\u0131\u015f\u0131kl\u0131\u011f\u0131n\u0131z\u0131 g\u00fc\u00e7lendirir ve sa\u011fl\u0131kl\u0131 bir ya\u015fam s\u00fcrmeniz i\u00e7in gereken deste\u011fi sa\u011flar.<\/p>\n<hr data-start=\"3793\" data-end=\"3796\" \/>\n<p data-start=\"3798\" data-end=\"4042\"><strong data-start=\"3798\" data-end=\"3813\">Bal\u0131n Yurdu<\/strong> olarak, <strong data-start=\"3822\" data-end=\"3847\">Kazda\u011flar\u0131 \u00c7i\u00e7ek Bal\u0131<\/strong>\u2019n\u0131 do\u011fan\u0131n en saf ve en sa\u011fl\u0131kl\u0131 haliyle sizlere sunuyoruz. <strong data-start=\"3908\" data-end=\"3918\">Balk\u0131z<\/strong> ile do\u011fan\u0131n e\u015fsiz \u015fifas\u0131n\u0131 ke\u015ffedin, sa\u011fl\u0131\u011f\u0131n\u0131z\u0131 do\u011fal yollarla destekleyin ve her an\u0131n\u0131z\u0131 do\u011fan\u0131n saf g\u00fcc\u00fcyle ta\u00e7land\u0131r\u0131n!<\/p>\n","protected":false},"excerpt":{"rendered":"<p>Bal\u0131n Yurdu Kazda\u011flar\u0131 \u00c7i\u00e7ek Bal\u0131: Do\u011fan\u0131n Saf \u0130hti\u015fam\u0131 Bal\u0131n Yurdu, do\u011fan\u0131n saf ve e\u015fsiz arma\u011fanlar\u0131n\u0131 en y\u00fcksek kaliteyle sizlere sunma misyonuyla hareket ederken, Balk\u0131z&#8216;\u0131n zarif temsiliyle Kazda\u011flar\u0131 \u00c7i\u00e7ek Bal\u0131\u2019n\u0131n do\u011fall\u0131\u011f\u0131n\u0131, lezzetini ve \u015fifal\u0131 etkilerini sofralar\u0131n\u0131za ta\u015f\u0131yor. Kazda\u011flar\u0131, T\u00fcrkiye\u2019nin en bakir ve do\u011fal b\u00f6lgelerinden biri olup, burada yeti\u015fen say\u0131s\u0131z \u00e7i\u00e7ek t\u00fcr\u00fcn\u00fcn nektar\u0131ndan elde edilen bu e\u015fsiz [&hellip;]<\/p>\n","protected":false},"featured_media":8334,"comment_status":"open","ping_status":"closed","template":"","meta":[],"product_cat":[15,66],"product_tag":[],"class_list":{"0":"post-8333","1":"product","2":"type-product","3":"status-publish","4":"has-post-thumbnail","6":"product_brand-balinyurdu","7":"product_cat-genel","8":"product_cat-kazdaglari-yoresel-ballari","10":"first","11":"instock","12":"sale","13":"taxable","14":"shipping-taxable","15":"purchasable","16":"product-type-simple"},"_links":{"self":[{"href":"https:\/\/balinyurdu.com\/index.php?rest_route=\/wp\/v2\/product\/8333","targetHints":{"allow":["GET"]}}],"collection":[{"href":"https:\/\/balinyurdu.com\/index.php?rest_route=\/wp\/v2\/product"}],"about":[{"href":"https:\/\/balinyurdu.com\/index.php?rest_route=\/wp\/v2\/types\/product"}],"replies":[{"embeddable":true,"href":"https:\/\/balinyurdu.com\/index.php?rest_route=%2Fwp%2Fv2%2Fcomments&post=8333"}],"wp:featuredmedia":[{"embeddable":true,"href":"https:\/\/balinyurdu.com\/index.php?rest_route=\/wp\/v2\/media\/8334"}],"wp:attachment":[{"href":"https:\/\/balinyurdu.com\/index.php?rest_route=%2Fwp%2Fv2%2Fmedia&parent=8333"}],"wp:term":[{"taxonomy":"product_cat","embeddable":true,"href":"https:\/\/balinyurdu.com\/index.php?rest_route=%2Fwp%2Fv2%2Fproduct_cat&post=8333"},{"taxonomy":"product_tag","embeddable":true,"href":"https:\/\/balinyurdu.com\/index.php?rest_route=%2Fwp%2Fv2%2Fproduct_tag&post=8333"}],"curies":[{"name":"wp","href":"https:\/\/api.w.org\/{rel}","templated":true}]}}