{"id":8499,"date":"2025-08-09T18:26:44","date_gmt":"2025-08-09T15:26:44","guid":{"rendered":"https:\/\/balinyurdu.com\/?post_type=product&#038;p=8499"},"modified":"2025-08-09T18:26:45","modified_gmt":"2025-08-09T15:26:45","slug":"marmaris-lavanta-bali-850-gr","status":"publish","type":"product","link":"https:\/\/balinyurdu.com\/?product=marmaris-lavanta-bali-850-gr","title":{"rendered":"MARMAR\u0130S LAVANTA BALI 850 GR"},"content":{"rendered":"<p data-start=\"120\" data-end=\"183\"><strong data-start=\"120\" data-end=\"181\">\ud83d\udc9c BALINYURDU LAVANTA BALI \u2013 Mor Tarlalardan Sofran\u0131za \ud83d\udc9c<\/strong><\/p>\n<p data-start=\"185\" data-end=\"447\">R\u00fczgar\u0131n ta\u015f\u0131d\u0131\u011f\u0131 lavanta kokusunu, ar\u0131lar\u0131m\u0131z tatl\u0131 bir arma\u011fana d\u00f6n\u00fc\u015ft\u00fcr\u00fcyor\u2026 Balinyurdu Lavanta Bal\u0131, mor \u00e7i\u00e7ek tarlalar\u0131n\u0131n huzur veren aromas\u0131yla bulu\u015fur. Yumu\u015fak dokusu, hafif floral tad\u0131 ve mis gibi kokusuyla her ka\u015f\u0131kta Akdeniz\u2019in mor r\u00fcyas\u0131n\u0131 ya\u015fat\u0131r.<\/p>\n<p data-start=\"449\" data-end=\"721\">Marka y\u00fcz\u00fcm\u00fcz <strong data-start=\"463\" data-end=\"473\">Balk\u0131z<\/strong>, bu bal\u0131 \u201ctatl\u0131 bir huzur\u201d olarak tan\u0131ml\u0131yor. \u00c7\u00fcnk\u00fc Balinyurdu, lavanta tarlalar\u0131n\u0131n ortas\u0131nda, ar\u0131lar\u0131m\u0131z\u0131n \u00f6zg\u00fcrce \u00e7al\u0131\u015ft\u0131\u011f\u0131, tamamen do\u011fal ve katk\u0131s\u0131z \u00fcretim yapar. Her kavanozda do\u011fan\u0131n ne\u015fesi, eme\u011fin de\u011feri ve sa\u011fl\u0131\u011f\u0131n\u0131z i\u00e7in \u00f6zen sakl\u0131d\u0131r.<\/p>\n<p data-start=\"723\" data-end=\"950\">Lavanta bal\u0131; sakinle\u015ftirici aromas\u0131yla stresi azaltmaya, uyku kalitesini art\u0131rmaya ve ba\u011f\u0131\u015f\u0131kl\u0131\u011f\u0131 desteklemeye yard\u0131mc\u0131 olur. Kahvalt\u0131 sofralar\u0131n\u0131zda, tatl\u0131 tariflerinizde veya \u0131l\u0131k bir s\u00fct\u00fcn i\u00e7inde muhte\u015fem bir uyum sa\u011flar.<\/p>\n<p data-start=\"952\" data-end=\"1088\"><strong data-start=\"952\" data-end=\"979\">Balinyurdu Lavanta Bal\u0131<\/strong> \u2014 Do\u011fal huzur, tatl\u0131 lezzet.<br data-start=\"1008\" data-end=\"1011\" \/>\ud83d\udc9c <strong data-start=\"1014\" data-end=\"1038\">Balk\u0131z\u2019\u0131n tavsiyesi:<\/strong> \u201cBir ka\u015f\u0131k lavanta bal\u0131, g\u00fcn\u00fcn\u00fcze huzur katar.\u201d<\/p>\n","protected":false},"excerpt":{"rendered":"<p>\ud83d\udc9c BALINYURDU LAVANTA BALI \u2013 Mor Tarlalardan Sofran\u0131za \ud83d\udc9c R\u00fczgar\u0131n ta\u015f\u0131d\u0131\u011f\u0131 lavanta kokusunu, ar\u0131lar\u0131m\u0131z tatl\u0131 bir arma\u011fana d\u00f6n\u00fc\u015ft\u00fcr\u00fcyor\u2026 Balinyurdu Lavanta Bal\u0131, mor \u00e7i\u00e7ek tarlalar\u0131n\u0131n huzur veren aromas\u0131yla bulu\u015fur. Yumu\u015fak dokusu, hafif floral tad\u0131 ve mis gibi kokusuyla her ka\u015f\u0131kta Akdeniz\u2019in mor r\u00fcyas\u0131n\u0131 ya\u015fat\u0131r. Marka y\u00fcz\u00fcm\u00fcz Balk\u0131z, bu bal\u0131 \u201ctatl\u0131 bir huzur\u201d olarak tan\u0131ml\u0131yor. \u00c7\u00fcnk\u00fc Balinyurdu, [&hellip;]<\/p>\n","protected":false},"featured_media":8500,"comment_status":"open","ping_status":"closed","template":"","meta":[],"product_cat":[15,116,106],"product_tag":[],"class_list":{"0":"post-8499","1":"product","2":"type-product","3":"status-publish","4":"has-post-thumbnail","6":"product_brand-balinyurdu","7":"product_cat-genel","8":"product_cat-marmaris-yoresi","9":"product_cat-ozelballar","11":"first","12":"instock","13":"sale","14":"taxable","15":"shipping-taxable","16":"purchasable","17":"product-type-simple"},"_links":{"self":[{"href":"https:\/\/balinyurdu.com\/index.php?rest_route=\/wp\/v2\/product\/8499","targetHints":{"allow":["GET"]}}],"collection":[{"href":"https:\/\/balinyurdu.com\/index.php?rest_route=\/wp\/v2\/product"}],"about":[{"href":"https:\/\/balinyurdu.com\/index.php?rest_route=\/wp\/v2\/types\/product"}],"replies":[{"embeddable":true,"href":"https:\/\/balinyurdu.com\/index.php?rest_route=%2Fwp%2Fv2%2Fcomments&post=8499"}],"wp:featuredmedia":[{"embeddable":true,"href":"https:\/\/balinyurdu.com\/index.php?rest_route=\/wp\/v2\/media\/8500"}],"wp:attachment":[{"href":"https:\/\/balinyurdu.com\/index.php?rest_route=%2Fwp%2Fv2%2Fmedia&parent=8499"}],"wp:term":[{"taxonomy":"product_cat","embeddable":true,"href":"https:\/\/balinyurdu.com\/index.php?rest_route=%2Fwp%2Fv2%2Fproduct_cat&post=8499"},{"taxonomy":"product_tag","embeddable":true,"href":"https:\/\/balinyurdu.com\/index.php?rest_route=%2Fwp%2Fv2%2Fproduct_tag&post=8499"}],"curies":[{"name":"wp","href":"https:\/\/api.w.org\/{rel}","templated":true}]}}